369/7 + (-2)/(-7). Let t = a + g. Calculate the greatest common divisor of t and 21.
21
Suppose -5*v + 12 = 2. Let n(o) = 6*o**2 + 1. Let c be n(-1). Let t = c + -5. What is the highest common divisor of t and v?
2
Suppose -3*h + l + 765 = 0, 0*h - 3*h - 5*l = -747. Suppose -4*f + 98 + h = 0. Calculate the greatest common divisor of 8 and f.
8
Let n be (0 - 2 - 0) + -4. Let q be 10/(-15) + (-4)/n. Suppose -a - 2*a + 15 = q. What is the greatest common divisor of a and 40?
5
Let n(o) = -39*o + 12. Let x be n(-8). Calculate the highest common divisor of x and 18.
18
Suppose -2*x - 3*q = -11, -x + 13 = q + 2*q. Let u be x/(-2*(2 + -1)). Let a be (2 - (0 - -3)) + 2. What is the highest common factor of u and a?
1
Suppose 0 = -5*i + 94 + 21. Suppose 47 - 7 = 5*s - 4*m, 2*s = 3*m + i. What is the greatest common divisor of s and 20?
4
Suppose 0 = 3*g + 4*m - 15, -4*g = -2*m + 1 + 1. Let l = 3 - g. Let w be (-1)/(l/(-24)) + 0. Calculate the greatest common divisor of 12 and w.
12
Let f be 11/3 + 4/(-6). Suppose -3*w + 3*y = -96, -9*y - 96 = -f*w - 4*y. What is the highest common divisor of w and 48?
16
Let y be 1 + 0/(-4) + 10. What is the highest common factor of y and 77?
11
Let o be (-7)/((1 + -4)/3). Let b = o + 0. Suppose -b = -4*s + 93. Calculate the highest common factor of s and 5.
5
Let h = 2 + -7. Let n be (6/(-8))/(h/80). What is the highest common factor of n and 30?
6
Suppose -1 = f - 43. Calculate the greatest common factor of 14 and f.
14
Suppose -3*h + 15 = -2*h. What is the highest common divisor of 10 and h?
5
Let b be (-1)/(-1)*0/2. Suppose b = 7*q - 6*q - 10. Calculate the greatest common divisor of q and 2.
2
Let l be (4/(-1))/2 + 40. Suppose -q + 12 = -7. Calculate the greatest common divisor of q and l.
19
Suppose 3*y = 5*i - 60, 15 = -2*i - 5*y + 39. Let s = -4 + i. Let m(j) = 63*j + 1. Let n be m(1). What is the highest common divisor of n and s?
8
Suppose 10 = 5*s - 5. Calculate the highest common factor of s and 3.
3
Let o = 219 + -210. Let z(q) = q. Let k be z(0). Suppose 5*x + 1 - 6 = k. Calculate the highest common factor of o and x.
1
Let p = 5 + 65. What is the highest common factor of 42 and p?
14
Let y(c) = 9*c**2 - 8*c**2 + 3*c - 2*c. Let m be 1/(-3) + 5/(-3). Let g be y(m). Calculate the highest common factor of 8 and g.
2
Suppose 4*g + 19 = 235. Suppose -1 = 2*t - 13. What is the highest common factor of t and g?
6
Suppose 58 = 4*g + g + 2*n, -2*n - 2 = 0. Suppose 3*x = c + g, 0 = -4*c + 2 + 10. Suppose -x*o + 267 = -228. Calculate the greatest common divisor of 9 and o.
9
Let q be (5/4)/((-11)/(-44)). Suppose b - 72 = -q*h + 2*b, 27 = h + 4*b. Calculate the highest common factor of h and 165.
15
Suppose -11*y + 19*y - 528 = 0. What is the greatest common divisor of y and 165?
33
Suppose 5*i = -x - x + 73, -3*x = -2*i + 33. Let q be 30/(2 + (-16)/10). Calculate the greatest common divisor of q and i.
15
Let z = 11 - 7. Let b(y) = y + 7. Let r be b(-5). Calculate the greatest common factor of r and z.
2
Suppose 16 = -2*i - 2*i. Let o be 8/(2/(-216)*i). Calculate the highest common factor of o and 24.
24
Let u = 3 + 7. Let k be (-2)/5 + 124/u. What is the highest common factor of k and 132?
12
Suppose 23 = -4*s - 13. Let w = s - -10. Let v be 19/w - 3/1. Calculate the greatest common factor of v and 40.
8
Let v be (-26)/((2/4)/(-1)). What is the highest common divisor of 130 and v?
26
Let k be (-18)/(-12)*(-2)/(-3). Suppose l - 3 = k. Calculate the highest common divisor of l and 8.
4
Suppose 27*j - 3 = 24*j. Calculate the highest common divisor of j and 1.
1
Let b = 35 - 18. Calculate the highest common factor of b and 136.
17
Let o be (-4)/(2 - 4) + 0. Suppose -o*q + 3 = -3. What is the greatest common factor of q and 6?
3
Let y be (-18)/(-4)*10/5. Suppose -2*g = -y - 19. Calculate the greatest common factor of g and 98.
14
Let t be 4/14 + (-2922)/(-14). Let b(g) = g**3 + 6*g**2 - 11*g - 9. Let i be b(-7). Calculate the greatest common divisor of i and t.
19
Suppose 4*m - 28 = -0*m. Calculate the highest common factor of 49 and m.
7
Let d(n) = -2*n**3 - 4*n**2 + 3*n + 1. Let g be d(-3). Calculate the greatest common factor of 90 and g.
10
Let y(s) = -s + 8. Let n be y(0). Let a = 12 - n. What is the highest common factor of a and 36?
4
Suppose -4*i = -34 - 790. Let x = -147 + i. Suppose -x - 97 = -4*q. What is the greatest common divisor of 13 and q?
13
Suppose 13*o = -4*o + 493. What is the highest common factor of 232 and o?
29
Let l(j) = -j**3 - 9*j**2 + 9*j - 8. Let m be l(-10). Let b = 6 - m. Calculate the greatest common factor of 44 and b.
4
Let z(l) = l**3 - 8*l**2 + 9. Let d be z(8). Calculate the highest common factor of d and 72.
9
Suppose 498 = 4*r - r + t, 4*r = -t + 663. What is the greatest common divisor of r and 15?
15
Let t = -25 - -31. Let c be (3/t)/(2/48). Suppose -3*y = -5*a + 91 + 209, -2*y + 300 = 5*a. What is the highest common factor of a and c?
12
Suppose -2*u = -0*u + 50. Let g be 24/10*u/(-5). Let k(c) = 31*c - 2. Let i be k(2). Calculate the greatest common divisor of i and g.
12
Suppose 5*x - 98 - 2 = 0. What is the greatest common divisor of 160 and x?
20
Suppose 0 = 14*t - 12*t - 54. What is the greatest common divisor of t and 54?
27
Suppose 2*x - 118 - 316 = 0. What is the highest common factor of x and 31?
31
Let w(a) = -a**2 + 12*a - 9. Let h be w(10). Suppose 0 = -3*y - 2*v + 159, -260 = -7*y + 2*y - 5*v. Calculate the highest common divisor of y and h.
11
Let o(j) = 2*j**2 + 2*j + 2. Let u be o(-5). Calculate the highest common factor of u and 14.
14
Let q(l) = l**3 + 7*l**2 - 11*l - 6. Let y be q(-8). Let x = 4 + y. Suppose m + 3*r = 14, r - x = -3*m + 2*r. Calculate the highest common divisor of m and 72.
8
Let b be 3/9 + 2/3. Let m be (-96)/(-15) + 6/(-15). Suppose -c + m = b. Calculate the greatest common factor of 25 and c.
5
Suppose -4*n + 5*n + 36 = 0. Let t be (20/(-6))/(8/n). What is the greatest common divisor of 15 and t?
15
Let c be 15 + (3 + 2/(-1))*3. Calculate the greatest common divisor of c and 6.
6
Suppose 9*j + 69 = 12*j. What is the greatest common factor of 23 and j?
23
Let t be (-4)/(-6) + 100/(-6). Let u = t + 22. Let n be 3 + (u - -3) - 1. Calculate the greatest common factor of n and 11.
11
Let d be 7/(2/(4*-1)). Let s = d + 23. Suppose 240 = 3*t + 2*z + 5, -5*t + 5*z = -425. Calculate the greatest common divisor of s and t.
9
Let d be 4/(-10) + (-32)/20. Let p be 640/(-24)*3/d. Calculate the greatest common divisor of 10 and p.
10
Let t(a) = 4*a - 6. Let x be t(4). Let s be (-123)/(-5) - (-4)/x. Let n = s + -13. Calculate the greatest common divisor of 12 and n.
12
Let b(j) = j. Let m be b(3). Let t be -2 + 138/m*1. Calculate the greatest common divisor of t and 11.
11
Let p(w) = -w**3 + 9*w**2 + 26*w + 10. Let c be p(11). Let o be (3 + -4)/((-2)/244). Let h be 2/7 + o/14. What is the greatest common divisor of c and h?
9
Let l(j) = 2*j**2 - 5. Let m(z) = 5*z**3 - 2*z**2 + z. Let q be m(1). Let d be l(q). What is the highest common divisor of 9 and d?
9
Let t = -7 - -9. Let j be (4 + t)/(-3) - -5. What is the highest common factor of 21 and j?
3
Let m = -10 + 37. Calculate the highest common factor of m and 3.
3
Suppose 0 = -3*m + 4*m - 5. Suppose -4*a = 2*q, 6 = m*q - 0*q + 4*a. What is the greatest common factor of q and 14?
2
Let z(y) = -9*y + 1. Let b be z(-2). Suppose -4*q - q + 1045 = 0. What is the highest common divisor of b and q?
19
Suppose 0 = o + 3*a - 67, 0*a = -4*o - 3*a + 295. Let v(s) = 3*s + 4. Let t be v(5). Calculate the greatest common factor of o and t.
19
Let v = -125 - -175. Suppose 5*p + v = 2*q, -q - 2*p + 31 = 6. Calculate the greatest common divisor of 225 and q.
25
Let f(x) = 10*x + 2. Let l be f(4). What is the highest common divisor of 28 and l?
14
Suppose -r - r - t + 25 = 0, -2*r - 5 = -5*t. Calculate the greatest common factor of 110 and r.
10
Let d = -4 + 8. Let n be 12/(-2)*(-3)/2 - -1. Calculate the highest common factor of d and n.
2
Let v(l) = -l**3 + 13*l**2 - 5*l - 19. Let o be v(12). What is the greatest common factor of 13 and o?
13
Let k(j) = j - 11. Suppose -10 + 30 = 4*u. Let p be k(u). Let a be (-57)/(-9) + 2/p. Calculate the highest common divisor of a and 30.
6
Let d = 223 + -151. What is the great